{"id":2,"date":"2023-08-30T21:34:09","date_gmt":"2023-08-30T19:34:09","guid":{"rendered":"https:\/\/foerderkreis-gw.de\/?page_id=2"},"modified":"2024-10-28T11:05:03","modified_gmt":"2024-10-28T10:05:03","slug":"beispiel-seite","status":"publish","type":"page","link":"https:\/\/foerderkreis-gw.de\/","title":{"rendered":"Herzlich willkommen beim F\u00f6rderkreis\u00a0Gie\u00dferei- und\u00a0Werkstofftechnik\u00a0e.V."},"content":{"rendered":"\n<hr class=\"wp-block-separator has-alpha-channel-opacity\"\/>\n\n\n\n<div class=\"wp-block-columns is-layout-flex wp-container-core-columns-is-layout-9d6595d7 wp-block-columns-is-layout-flex\">\n<div class=\"wp-block-column is-layout-flow wp-block-column-is-layout-flow\" style=\"flex-basis:33.33%\">\n<figure class=\"wp-block-image size-full\"><img loading=\"lazy\" decoding=\"async\" width=\"924\" height=\"923\" src=\"https:\/\/foerderkreis-gw.de\/wp-content\/uploads\/2023\/10\/Logo_GW-1.png\" alt=\"\" class=\"wp-image-176\" srcset=\"https:\/\/foerderkreis-gw.de\/wp-content\/uploads\/2023\/10\/Logo_GW-1.png 924w, https:\/\/foerderkreis-gw.de\/wp-content\/uploads\/2023\/10\/Logo_GW-1-300x300.png 300w, https:\/\/foerderkreis-gw.de\/wp-content\/uploads\/2023\/10\/Logo_GW-1-150x150.png 150w, https:\/\/foerderkreis-gw.de\/wp-content\/uploads\/2023\/10\/Logo_GW-1-768x767.png 768w\" sizes=\"auto, (max-width: 924px) 100vw, 924px\" \/><\/figure>\n<\/div>\n\n\n\n<div class=\"wp-block-column is-layout-flow wp-block-column-is-layout-flow\" style=\"flex-basis:66.66%\"><ul class=\"wp-block-latest-posts__list has-dates wp-block-latest-posts\"><li><a class=\"wp-block-latest-posts__post-title\" href=\"https:\/\/foerderkreis-gw.de\/?p=805\">Save-the-Date: BARBARA-Tagung 2026<\/a><time datetime=\"2026-04-19T13:33:15+02:00\" class=\"wp-block-latest-posts__post-date\">19. April 2026<\/time><div class=\"wp-block-latest-posts__post-excerpt\">Die diesj\u00e4hrige BARBARA-Tagung findet statt, zu welcher wieder spannende Vortr\u00e4ge auf Sie warten. Veranstalter sind der F\u00f6rderkreis Gie\u00dferei- und Werkstofftechnik Friedberg und der Verein Deutscher Gie\u00dfereifachleute e.V. Alle Personen, die an den Vortr\u00e4gen, Austausch und Treffen mit ehemaligen und aktuellen Studierenden, THM-Besch\u00e4ftigten oder Fachleuten aus renommierten Unternehmen ebenso interessiert sind, wie an unserer j\u00e4hrlichen Barbarafeier, &hellip; <a href=\"https:\/\/foerderkreis-gw.de\/?p=805\">Weiterlesen <span class=\"meta-nav\">&rarr;<\/span><\/a><\/div><\/li>\n<\/ul><\/div>\n<\/div>\n\n\n\n<hr class=\"wp-block-separator has-alpha-channel-opacity\"\/>\n\n\n\n<p><strong>Zweck<\/strong> des Vereins ist die F\u00f6rderung der wissenschaftlichen Aus- und Weiterbildung von Studierenden und AbsolventInnen.<br>Der Verein mit Sitz in Friedberg ist selbstlos t\u00e4tig; er verfolgt nicht in erster Linie eigenwirtschaftliche Zwecke. Er ist nicht auf Gewinn eingestellt; Spenden und Beitr\u00e4ge werden allein zur F\u00f6rderung der Ausbildung und Weiterbildung von Studierenden und AbsolventInnen verwendet. Der Verein treibt keinen Handel und keine Geldgesch\u00e4fte und gibt keine Kredite. Eingehende Gelder werden unverz\u00fcglich einem laufenden oder einem Sparkonto bei einem anerkannten Geldinstitut zugef\u00fchrt. Der Verein verfolgt ausschlie\u00dflich und unmittelbar gemeinn\u00fctzige Zwecke im Sinne des Abschnitts \u201eSteuerbeg\u00fcnstigte Zwecke der Abgabenordnung.<\/p>\n\n\n\n<p><strong>Barbara-Tagung<\/strong>, j\u00e4hrliche Technologietagung am Standort in Friedberg in Kooperation mit dem&nbsp;Verein Deutscher Gie\u00dfereifachleute e.V., Sohnstra\u00dfe 70,&nbsp;40237 D\u00fcsseldorf.&nbsp;In verschiedenen&nbsp;Vortr\u00e4gen&nbsp;werden neueste Forschungsergebnisse und Entwicklungen aus optischen Technologien sowie Materialwissenschaften vorgestellt. F\u00fcr die Studierenden werden die aktuellen Perspektiven des Arbeitsmarktes und berufliche Entwicklungsm\u00f6glichkeiten aufgezeigt und Kooperationen gef\u00f6rdert.<\/p>\n","protected":false},"excerpt":{"rendered":"<p>Zweck des Vereins ist die F\u00f6rderung der wissenschaftlichen Aus- und Weiterbildung von Studierenden und AbsolventInnen.Der Verein mit Sitz in Friedberg ist selbstlos t\u00e4tig; er verfolgt nicht in erster Linie eigenwirtschaftliche Zwecke. Er ist nicht auf Gewinn eingestellt; Spenden und Beitr\u00e4ge &hellip; <a href=\"https:\/\/foerderkreis-gw.de\/\">Weiterlesen <span class=\"meta-nav\">&rarr;<\/span><\/a><\/p>\n","protected":false},"author":2,"featured_media":0,"parent":0,"menu_order":0,"comment_status":"closed","ping_status":"open","template":"","meta":{"ngg_post_thumbnail":0,"footnotes":""},"class_list":["post-2","page","type-page","status-publish","hentry"],"_links":{"self":[{"href":"https:\/\/foerderkreis-gw.de\/index.php?rest_route=\/wp\/v2\/pages\/2","targetHints":{"allow":["GET"]}}],"collection":[{"href":"https:\/\/foerderkreis-gw.de\/index.php?rest_route=\/wp\/v2\/pages"}],"about":[{"href":"https:\/\/foerderkreis-gw.de\/index.php?rest_route=\/wp\/v2\/types\/page"}],"author":[{"embeddable":true,"href":"https:\/\/foerderkreis-gw.de\/index.php?rest_route=\/wp\/v2\/users\/2"}],"replies":[{"embeddable":true,"href":"https:\/\/foerderkreis-gw.de\/index.php?rest_route=%2Fwp%2Fv2%2Fcomments&post=2"}],"version-history":[{"count":9,"href":"https:\/\/foerderkreis-gw.de\/index.php?rest_route=\/wp\/v2\/pages\/2\/revisions"}],"predecessor-version":[{"id":578,"href":"https:\/\/foerderkreis-gw.de\/index.php?rest_route=\/wp\/v2\/pages\/2\/revisions\/578"}],"wp:attachment":[{"href":"https:\/\/foerderkreis-gw.de\/index.php?rest_route=%2Fwp%2Fv2%2Fmedia&parent=2"}],"curies":[{"name":"wp","href":"https:\/\/api.w.org\/{rel}","templated":true}]}}

Herzlich willkommen beim Förderkreis Gießerei- und Werkstofftechnik e.V.

<hr class="wp-block-separator has-alpha-channel-opacity"/>



<div class="wp-block-columns is-layout-flex wp-container-core-columns-is-layout-9d6595d7 wp-block-columns-is-layout-flex">
<div class="wp-block-column is-layout-flow wp-block-column-is-layout-flow" style="flex-basis:33.33%">
<figure class="wp-block-image size-full"><img loading="lazy" decoding="async" width="924" height="923" src="https://foerderkreis-gw.de/wp-content/uploads/2023/10/Logo_GW-1.png" alt="" class="wp-image-176" srcset="https://foerderkreis-gw.de/wp-content/uploads/2023/10/Logo_GW-1.png 924w, https://foerderkreis-gw.de/wp-content/uploads/2023/10/Logo_GW-1-300x300.png 300w, https://foerderkreis-gw.de/wp-content/uploads/2023/10/Logo_GW-1-150x150.png 150w, https://foerderkreis-gw.de/wp-content/uploads/2023/10/Logo_GW-1-768x767.png 768w" sizes="auto, (max-width: 924px) 100vw, 924px" /></figure>
</div>



<div class="wp-block-column is-layout-flow wp-block-column-is-layout-flow" style="flex-basis:66.66%"><ul class="wp-block-latest-posts__list has-dates wp-block-latest-posts"><li><a class="wp-block-latest-posts__post-title" href="https://foerderkreis-gw.de/?p=805">Save-the-Date: BARBARA-Tagung 2026</a><time datetime="2026-04-19T13:33:15+02:00" class="wp-block-latest-posts__post-date">19. April 2026</time><div class="wp-block-latest-posts__post-excerpt">Die diesjährige BARBARA-Tagung findet statt, zu welcher wieder spannende Vorträge auf Sie warten. Veranstalter sind der Förderkreis Gießerei- und Werkstofftechnik Friedberg und der Verein Deutscher Gießereifachleute e.V. Alle Personen, die an den Vorträgen, Austausch und Treffen mit ehemaligen und aktuellen Studierenden, THM-Beschäftigten oder Fachleuten aus renommierten Unternehmen ebenso interessiert sind, wie an unserer jährlichen Barbarafeier, &hellip; <a href="https://foerderkreis-gw.de/?p=805">Weiterlesen <span class="meta-nav">&rarr;</span></a></div></li>
</ul></div>
</div>



<hr class="wp-block-separator has-alpha-channel-opacity"/>



<p><strong>Zweck</strong> des Vereins ist die Förderung der wissenschaftlichen Aus- und Weiterbildung von Studierenden und AbsolventInnen.<br>Der Verein mit Sitz in Friedberg ist selbstlos tätig; er verfolgt nicht in erster Linie eigenwirtschaftliche Zwecke. Er ist nicht auf Gewinn eingestellt; Spenden und Beiträge werden allein zur Förderung der Ausbildung und Weiterbildung von Studierenden und AbsolventInnen verwendet. Der Verein treibt keinen Handel und keine Geldgeschäfte und gibt keine Kredite. Eingehende Gelder werden unverzüglich einem laufenden oder einem Sparkonto bei einem anerkannten Geldinstitut zugeführt. Der Verein verfolgt ausschließlich und unmittelbar gemeinnützige Zwecke im Sinne des Abschnitts „Steuerbegünstigte Zwecke der Abgabenordnung.</p>



<p><strong>Barbara-Tagung</strong>, jährliche Technologietagung am Standort in Friedberg in Kooperation mit dem&nbsp;Verein Deutscher Gießereifachleute e.V., Sohnstraße 70,&nbsp;40237 Düsseldorf.&nbsp;In verschiedenen&nbsp;Vorträgen&nbsp;werden neueste Forschungsergebnisse und Entwicklungen aus optischen Technologien sowie Materialwissenschaften vorgestellt. Für die Studierenden werden die aktuellen Perspektiven des Arbeitsmarktes und berufliche Entwicklungsmöglichkeiten aufgezeigt und Kooperationen gefördert.</p>

<p>Zweck des Vereins ist die Förderung der wissenschaftlichen Aus- und Weiterbildung von Studierenden und AbsolventInnen.Der Verein mit Sitz in Friedberg ist selbstlos tätig; er verfolgt nicht in erster Linie eigenwirtschaftliche Zwecke. Er ist nicht auf Gewinn eingestellt; Spenden und Beiträge &hellip; <a href="https://foerderkreis-gw.de/">Weiterlesen <span class="meta-nav">&rarr;</span></a></p>
