{"id":546,"date":"2024-10-23T13:33:23","date_gmt":"2024-10-23T11:33:23","guid":{"rendered":"https:\/\/foerderkreis-gw.de\/?page_id=546"},"modified":"2025-01-24T13:22:48","modified_gmt":"2025-01-24T12:22:48","slug":"geschaeftsfuehrender-vorstand","status":"publish","type":"page","link":"https:\/\/foerderkreis-gw.de\/?page_id=546","title":{"rendered":"Gesch\u00e4ftsf\u00fchrender Vorstand"},"content":{"rendered":"\n<p><strong>Vorstand<\/strong>:<br>Gesch\u00e4ftsf\u00fchrer: Klaus Behler<br>Schriftf\u00fchrer: Daniel Th\u00f6lken<br>Schatzmeisterin: Natalie Kunkel<br>Beisitzer: Klaus Schmidt, Walter Fehr, Sabine Lintner<\/p>\n\n\n\n<p><strong>Kontakt: <\/strong><br>c\/o TH-Mittelhessen<br>F\u00f6rderkreis\u00a0GW\u00a0e.V.<br>Wilhelm-Leuschner-Stra\u00dfe\u00a013<br>61169\u00a0Friedberg<br><br>E-Mail: <a href=\"mailto:Walter.Fehr@foerderkreis-gw.com\">vorstand@foerderkreis-gw.de<\/a><\/p>\n\n\n\n<p><\/p>\n","protected":false},"excerpt":{"rendered":"<p>Vorstand:Gesch\u00e4ftsf\u00fchrer: Klaus BehlerSchriftf\u00fchrer: Daniel Th\u00f6lkenSchatzmeisterin: Natalie KunkelBeisitzer: Klaus Schmidt, Walter Fehr, Sabine Lintner Kontakt: c\/o TH-MittelhessenF\u00f6rderkreis\u00a0GW\u00a0e.V.Wilhelm-Leuschner-Stra\u00dfe\u00a01361169\u00a0Friedberg E-Mail: vorstand@foerderkreis-gw.de<\/p>\n","protected":false},"author":2,"featured_media":0,"parent":0,"menu_order":0,"comment_status":"closed","ping_status":"closed","template":"","meta":{"ngg_post_thumbnail":0,"footnotes":""},"class_list":["post-546","page","type-page","status-publish","hentry"],"_links":{"self":[{"href":"https:\/\/foerderkreis-gw.de\/index.php?rest_route=\/wp\/v2\/pages\/546","targetHints":{"allow":["GET"]}}],"collection":[{"href":"https:\/\/foerderkreis-gw.de\/index.php?rest_route=\/wp\/v2\/pages"}],"about":[{"href":"https:\/\/foerderkreis-gw.de\/index.php?rest_route=\/wp\/v2\/types\/page"}],"author":[{"embeddable":true,"href":"https:\/\/foerderkreis-gw.de\/index.php?rest_route=\/wp\/v2\/users\/2"}],"replies":[{"embeddable":true,"href":"https:\/\/foerderkreis-gw.de\/index.php?rest_route=%2Fwp%2Fv2%2Fcomments&post=546"}],"version-history":[{"count":7,"href":"https:\/\/foerderkreis-gw.de\/index.php?rest_route=\/wp\/v2\/pages\/546\/revisions"}],"predecessor-version":[{"id":586,"href":"https:\/\/foerderkreis-gw.de\/index.php?rest_route=\/wp\/v2\/pages\/546\/revisions\/586"}],"wp:attachment":[{"href":"https:\/\/foerderkreis-gw.de\/index.php?rest_route=%2Fwp%2Fv2%2Fmedia&parent=546"}],"curies":[{"name":"wp","href":"https:\/\/api.w.org\/{rel}","templated":true}]}}

Geschäftsführender Vorstand

<p><strong>Vorstand</strong>:<br>Geschäftsführer: Klaus Behler<br>Schriftführer: Daniel Thölken<br>Schatzmeisterin: Natalie Kunkel<br>Beisitzer: Klaus Schmidt, Walter Fehr, Sabine Lintner</p>



<p><strong>Kontakt: </strong><br>c/o TH-Mittelhessen<br>Förderkreis GW e.V.<br>Wilhelm-Leuschner-Straße 13<br>61169 Friedberg<br><br>E-Mail: <a href="mailto:Walter.Fehr@foerderkreis-gw.com">vorstand@foerderkreis-gw.de</a></p>



<p></p>

<p>Vorstand:Geschäftsführer: Klaus BehlerSchriftführer: Daniel ThölkenSchatzmeisterin: Natalie KunkelBeisitzer: Klaus Schmidt, Walter Fehr, Sabine Lintner Kontakt: c/o TH-MittelhessenFörderkreis GW e.V.Wilhelm-Leuschner-Straße 1361169 Friedberg E-Mail: vorstand@foerderkreis-gw.de</p>
